Let p(a) = -4*a + a**2 + 2*a + f + 2. Calculate p(b).
2
Let z(q) be the third derivative of -q**6/120 + q**5/15 - q**4/6 + 2*q**3/3 - 3*q**2. Let d be z(3). Let l(t) = -t**3 + 2*t**2 - 2*t + 1. Calculate l(d).
0
Suppose -4*m + 21 = 1. Let x(f) = -f + 6. Give x(m).
1
Let b = 7 + -7. Let w(u) = 2*u + 3*u + 10 - 6*u. What is w(b)?
10
Suppose 0 = 5*t - 10 - 5. Let d(f) be the first derivative of -3*f**2/2 + 2*f - 7. Determine d(t).
-7
Let u(l) = l**2 - l - 18. Let m be u(0). Let z be (12/m)/(4/(-6)). Let p(w) = -w + 0*w + 8*w. Give p(z).
7
Let h(t) = -5*t**3 - 7*t**2 + 5*t - 3. Suppose 0 = -6*p + 3*p + 3. Let d be 6*-4*2/12. Let c(v) = -v**3 - v**2 + v. Let b(g) = d*c(g) + p*h(g). Determine b(-3).
-6
Let k be ((-4)/8)/(3/6). Let x(g) = 7*g. Give x(k).
-7
Let g be -1 + 3/(3/(-2)). Let u be 1/(-2)*6 + 7. Let m(j) = 2*j**2 + j**3 + 2 - u*j + 2*j + j. What is m(g)?
-4
Let z(i) = -8 + 7*i + 9 - 2. Give z(1).
6
Suppose 0 - 4 = -2*d. Suppose 3*q + 0*x = -d*x + 67, -4*x + 65 = 3*q. Suppose 3*l + 4*t + 18 = l, 2*l + 5*t = -q. Let p(u) = u**2 + u - 1. Give p(l).
1
Let n be (-2)/3 + 14/(-6). Let t(b) = b - 4. Let o be 2/(-8) + 15/(-4). Let i(s) = s. Let p(l) = o*i(l) + t(l). Calculate p(n).
5
Let d(p) = p**2 + 9*p - 20. Let z be d(-11). Let h(a) = -1 + 3 - 3*a - a. Calculate h(z).
-6
Let r(q) be the third derivative of 7*q**2 - 1/60*q**5 - 1/24*q**4 + 0*q + 0 + 1/15*q**6 + 1/6*q**3. Determine r(1).
7
Let j(l) be the first derivative of -l**3/3 + 9*l**2/2 + l + 24. Calculate j(10).
-9
Let d(p) = 2*p**2 - 10*p + 1. Let a(b) = -3*b**2 + 11*b. Let w(n) = -3*a(n) - 4*d(n). Let l be ((-18)/15)/((-7)/(-35)). Determine w(l).
-10
Suppose -h = -5*w + 5, -h - 4*h + w + 23 = 0. Let k be 0 - h - (1 + -3). Let i(y) be the first derivative of y**2/2 - y + 1. Calculate i(k).
-4
Let w(z) be the second derivative of -z**5/20 - z**4/3 - z**3/2 - z**2/2 + 22*z. Determine w(-2).
-3
Let r(p) = p**2 + 4*p - 1. Suppose 2*g - 6 = 0, -4*c + 3*g + 28 = 7*g. Suppose -4*u - 16 = f, -u + c*u + 4*f = -12. Let y = -8 - u. What is r(y)?
-1
Suppose 0 = -6*b + 3*b + 72. Let c(q) = 4*q - 23*q**3 + b*q**3 - 4*q**2 - 2*q + 3. What is c(4)?
11
Let v(s) = -2 - s**2 + 7*s**3 - 2*s**3 - 6*s**3 - s. Let c(r) = r**2 + 3*r - 4. Let k = 7 - 11. Let q be c(k). Give v(q).
-2
Let o(b) = 3*b - 7. Let k = 69 - 74. Let g = -3 + 1. Let f(j) = -7*j + 14. Let z(t) = g*f(t) + k*o(t). What is z(0)?
7
Suppose -2*l = -6*l + 12. Let i(h) be the third derivative of 0*h - 3*h**2 + 0 - 1/12*h**4 - 2/3*h**l. Give i(-4).
4
Suppose 1 = -o, 4*m - 7*o = -6*o - 23. Let q(i) = 2*i**2 + 10*i + 7. What is q(m)?
19
Let g be 13/39 + 17/3. Let x(i) = 3*i - g - i - i + 6*i - i**2. What is x(5)?
4
Let x(t) = 4*t**2 - 2*t + 7. Let b(z) = 9*z**2 - 5*z + 16. Let d(h) = 3*b(h) - 7*x(h). Calculate d(-2).
-3
Let b(o) = 8*o - 3. Let t(c) = -15*c + 6. Let r(v) = 11*b(v) + 6*t(v). Determine r(4).
-5
Let w(d) = d**3 - d**2 - 2*d + 3. Let l be w(2). Let z(o) = o**2 - 5*o**l - 4*o**3 + 0*o**2 + 3*o**3. What is z(1)?
-5
Let f(k) = -5*k - 1. Let p(u) = 9*u + 1. Let c(x) = -11*f(x) - 6*p(x). Let b(d) = -d**2 + 9*d + 7. Let y be b(9). Let n = y + -13. What is c(n)?
-1
Suppose -4*s + 28 = -r, 0 = 2*s + s - 3*r - 30. Let h(m) = -m**3 + 6*m**2 - m + 7. Let v be h(s). Let y(d) = -2 + 6 - 3 - 9*d. Calculate y(v).
-8
Let p(d) = -d**2 - d + 1. Let w(a) = -2*a**2 - 9*a - 3. Let b(m) = -3*p(m) + w(m). What is b(6)?
-6
Let q(a) be the second derivative of 7/6*a**3 + 1/12*a**4 + 0*a**2 + 0 - a. What is q(-6)?
-6
Let y(t) = t - 8. Let a be y(8). Let n(x) = -5 + a - 1 + x + 0*x. Suppose -25 = -9*k + 4*k. Calculate n(k).
-1
Suppose a - 5*a + 8 = 0. Let q(b) = -3*b**2 - a + 4*b**2 - 5 - 4*b. Let r(y) = -2*y - 7. Let z be r(-6). Determine q(z).
-2
Let q(y) = -2*y. Let p = 41 - 43. Give q(p).
4
Suppose 0 = -4*b - b + 5. Let j(u) = -u + 1. Let q be j(b). Let v(h) = -h + 3. Calculate v(q).
3
Let s(f) be the second derivative of 0*f**3 - f**2 - 3*f + 0 + 1/24*f**4. Let v(m) be the first derivative of s(m). Determine v(-1).
-1
Let g(b) = b**3 + 5*b**2 - 5*b + 6. Let j(c) = c**2 + 5*c. Let q be j(-3). Determine g(q).
0
Let x be ((-5)/(-10))/(1/6). Let r = x - 3. Suppose -4*o + 16 = -r*o. Let k(l) = l**2 - 6*l + 1. What is k(o)?
-7
Let l(t) = t**2 + 3*t - 4. Let m = 119 - 122. What is l(m)?
-4
Let n(d) = d**2 - d - 3. Let c(q) = -2*q**2 + 2*q + 6. Let r(j) = -3*c(j) - 5*n(j). Suppose -5*u + 4 = -11. Determine r(u).
3
Let x(m) = m**3 - 5*m**2 + 2*m + 4. Let r(k) be the first derivative of -k**4/4 + k**3 + 3*k**2 - 6*k + 1. Let q be r(4). Let o be q/4 - 21/(-6). Give x(o).
-4
Let z be 1*(7/(-14))/((-1)/10). Let a(p) = p**3 - 5*p**2 + 2*p - 7. Calculate a(z).
3
Suppose 0 = -2*k + 3*j - 23 + 6, 0 = 4*k - 5*j + 31. Let f(s) = 5*s**2 + 2*s - 6. Let x(r) = r**2 + r. Let u(y) = -f(y) + 6*x(y). What is u(k)?
6
Suppose -3*t + 28 = -3*q + 7, 2*t = -5*q - 14. Let l(h) = -7*h**2 - h**t - 3*h**2 + 6*h**2. Let a be 2/(-3) - 40/12. Calculate l(a).
0
Let y(x) = 15*x**3 - x**2 + 2*x - 2. Suppose 0*d + 2 = -2*d. Let q(m) = m**3 - m + 1. Let f(g) = d*y(g) - q(g). Give f(1).
-15
Let w(q) = q**2 + 7*q + 2. Let t be w(-6). Let v = -32 + 23. Let i = v - t. Let y(a) = -a**3 - 4*a**2 + 6*a - 4. Give y(i).
-9
Suppose 5*a - 37 = -17. Let h(f) = -f**3 + 3*f**2 + 6*f - 3. Give h(a).
5
Let a(v) = 2 - 5*v**3 - v - 3*v**2 + 0*v + 3*v + 6*v**3. Calculate a(2).
2
Let j be 1/(-2)*-3 - (-2)/(-4). Let r(b) = 5*b**2 + b. Determine r(j).
6
Let d(c) = c**3 - 2*c**2 - 2*c - 2. Let y = -15 + 18. Give d(y).
1
Let a(w) be the first derivative of -w**4/2 - 2*w**3/3 + w - 1. Suppose -2*v - v = -3. Give a(v).
-3
Suppose 0 = -y - 2*y - 9. Suppose -m = 4*m + 20. Let r = m - y. Let s(i) = -4*i**2 - i. Give s(r).
-3
Let h(t) = -t - 7. Let m(f) = f + 5. Let z be m(-5). Suppose -2*g + b - 1 = 2*b, 4*b - 12 = z. Let w(q) = 2*q - 1. Let j be w(g). Calculate h(j).
-2
Let o(p) = -p**3 - 6*p**2 - p + 4. Suppose 44 = -4*j + 5*n, 0*n = -5*j - 2*n - 22. Let c be o(j). Suppose -3*l = -l + c. Let g(f) = -f - 1. Calculate g(l).
4
Let o(d) = -4*d. Suppose -5*a + 5*z = -10, 0*z - 2*z = 3*a + 4. Suppose 5*h - m = 15, 5*m + 1 - 6 = 5*h. Suppose -4*t = -a*t + h. What is o(t)?
4
Let z(a) = -a. Let v(c) = c**2 - c + 3. Let t(h) = -v(h) - 5*z(h). Let p(s) = -2*s - 1. Let r be p(-3). Give t(r).
2
Suppose 5*l - 2*s + 2 = 0, -l - 3*s + 3 = -5*l. Suppose -7 = -4*z + 3*z. Let i(g) = z - 1 + 0 + g**2 - g. Determine i(l).
6
Let z be 20/16*(0 + -4). Let n(o) be the second derivative of o**4/12 + 5*o**3/6 + 3*o. Calculate n(z).
0
Let g(h) = -4*h + 17 + 17 - 30 - 3*h. What is g(3)?
-17
Let c(u) = 24*u + 26. Let s(t) be the first derivative of 5*t**2/2 + 5*t - 1. Let f(z) = 3*c(z) - 14*s(z). Give f(-6).
-4
Let c(w) = -5*w - 3. Suppose -3*o = 3*x - 3, 3*o - x = x - 12. Give c(o).
7
Let q(n) = n. Let v(p) = -p + 13. Suppose c - 13 = x, 3*x = -2*c + 2*x + 14. Let d be v(c). What is q(d)?
4
Let u(w) = -w + 4. Suppose 14 - 2 = 3*z. Calculate u(z).
0
Let f(y) = -2*y**2 - 8*y + 6. Suppose 2*g - 3 = -15. Calculate f(g).
-18
Let l(k) = -15*k**2 + 7*k - 6. Let r(v) = -v**2 + v - 1. Let q(j) = l(j) - 6*r(j). What is q(-1)?
-10
Let v(u) = -u**2 - 5*u + 4. Suppose 0*m - 6*m - 36 = 0. Determine v(m).
-2
Let h(k) = k**2 - 7*k - 10. Let j be -5*(63/15)/(-3). Determine h(j).
-10
Let j(g) = -2*g**3 - 5*g**2 - 2*g + 3. Let v(k) = -5*k**3 - 10*k**2 - 5*k + 7. Let p(n) = 9*j(n) - 4*v(n). What is p(3)?
14
Let g(a) = 4*a - a + 6*a**3 - 2*a. Let l(f) = f**2 + 3*f + 1. Suppose 5*w = -3*v - 4, 0 = -v - 0*v + 2*w - 5. Let m be l(v). Determine g(m).
7
Let o(a) = -2*a + 5*a - 2*a + a**2 + 1 - 3*a - 11*a**3. Give o(1).
-11
Let v(h) = 11*h**2 - 5*h - 7. Let c(u) = -5*u**2 + 2*u + 3. Let j(w) = -5*c(w) - 2*v(w). Calculate j(2).
11
Let l(x) = 2*x**2 - 2*x + 8. Let s(n) be the first derivative of n**3/3 - 3*n**2/2 + 8*n - 1. Let w(k) = -2*l(k) + 3*s(k). Determine w(-6).
2
Let s(w) = w**3 + 7*w**2 + 7*w + 8. Let n(o) = -6*o**2 + o + 1. Let p be n(-1). Let y be s(p). Let z(h) = 2*h. Calculate z(y).
4
Let t(w) = -2*w**2 - 11*w - 29. Let y(n) = n**2 + 5*n + 15. Let z(p) = 6*t(p) + 11*y(p). What is z(-11)?
-9
Let i(q) be the second derivative of -q**3/6 - 3*q**2/2 + 28*q. Give i(0).
-3
Let a be (1 - 0)*(-6)/(-12). Let w(f) be the second derivative of 2*f + 0 + 1/2*f**2 - a*f**3. Give w(1